{"id":18,"date":"2017-10-12T12:48:03","date_gmt":"2017-10-12T10:48:03","guid":{"rendered":"http:\/\/www.naturheilpraxis-fercher.ch\/kosmetik\/?page_id=18"},"modified":"2025-01-08T21:42:15","modified_gmt":"2025-01-08T20:42:15","slug":"angebote","status":"publish","type":"page","link":"http:\/\/www.naturheilpraxis-fercher.ch\/kosmetik\/angebote\/","title":{"rendered":"Angebote"},"content":{"rendered":"<table style=\"height: 2617px; width: 76.5604%; border-collapse: collapse; border-style: none;\">\n<tbody>\n<tr style=\"border-style: none;\">\n<td style=\"width: 536px; height: 19px; border-style: none;\" colspan=\"2\"><strong>Kosmetik<\/strong><\/td>\n<\/tr>\n<tr style=\"border-style: none;\">\n<td style=\"width: 290.698px; height: 19px; border-style: none;\">Gesichtsbehandlung<\/td>\n<td style=\"width: 229.302px; height: 19px; border-style: none;\">CHF 105<\/td>\n<\/tr>\n<tr style=\"border-style: none;\">\n<td style=\"width: 290.698px; height: 19px; border-style: none;\">&#8230; mit Wimpern f\u00e4rben<\/td>\n<td style=\"width: 229.302px; height: 19px; border-style: none;\">CHF 120<\/td>\n<\/tr>\n<tr style=\"border-style: none;\">\n<td style=\"width: 290.698px; height: 19px; border-style: none;\">&#8230; mit Brauen f\u00e4rben<\/td>\n<td style=\"width: 229.302px; height: 19px; border-style: none;\">CHF 115<\/td>\n<\/tr>\n<tr style=\"border-style: none;\">\n<td style=\"width: 290.698px; height: 19px; border-style: none;\">&#8230; mit Wimpern und Brauen f\u00e4rben<\/td>\n<td style=\"width: 229.302px; height: 19px; border-style: none;\">CHF 130<\/td>\n<\/tr>\n<tr style=\"border-style: none;\">\n<td style=\"width: 290.698px; height: 19px; border-style: none;\">\u00a0<\/td>\n<td style=\"width: 229.302px; height: 19px; border-style: none;\">\u00a0<\/td>\n<\/tr>\n<tr style=\"border-style: none;\">\n<td style=\"width: 290.698px; height: 19px; border-style: none;\">Wimpern f\u00e4rben<\/td>\n<td style=\"width: 229.302px; height: 19px; border-style: none;\">CHF 27<\/td>\n<\/tr>\n<tr style=\"border-style: none;\">\n<td style=\"width: 290.698px; height: 19px; border-style: none;\">Brauen f\u00e4rben und Korrektur<\/td>\n<td style=\"width: 229.302px; height: 19px; border-style: none;\">CHF 32<\/td>\n<\/tr>\n<tr style=\"border-style: none;\">\n<td style=\"width: 290.698px; height: 19px; border-style: none;\">Augenbrauenkorrektur<\/td>\n<td style=\"width: 229.302px; height: 19px; border-style: none;\">CHF 19<\/td>\n<\/tr>\n<tr style=\"border-style: none;\">\n<td style=\"width: 290.698px; height: 19px; border-style: none;\">Wimpern und Brauen f\u00e4rben und Korrektur<\/td>\n<td style=\"width: 229.302px; height: 19px; border-style: none;\">CHF 50<\/td>\n<\/tr>\n<tr style=\"height: 19px;\">\n<td style=\"width: 290.698px; border-style: none; height: 19px;\">\u00a0<\/td>\n<td style=\"width: 229.302px; border-style: none; height: 19px;\">\u00a0<\/td>\n<\/tr>\n<tr style=\"height: 19px;\">\n<td style=\"width: 290.698px; border-style: none; height: 19px;\">Depilation:<\/td>\n<td style=\"width: 229.302px; border-style: none; height: 19px;\">\u00a0<\/td>\n<\/tr>\n<tr style=\"height: 19px;\">\n<td style=\"width: 290.698px; border-style: none; height: 19px;\">Ganze Beine<\/td>\n<td style=\"width: 229.302px; border-style: none; height: 19px;\">CHF 73<\/td>\n<\/tr>\n<tr style=\"height: 19px;\">\n<td style=\"width: 290.698px; border-style: none; height: 19px;\">Halbe Beine<\/td>\n<td style=\"width: 229.302px; border-style: none; height: 19px;\">CHF 52<\/td>\n<\/tr>\n<tr style=\"height: 19px;\">\n<td style=\"width: 290.698px; border-style: none; height: 19px;\">Gesicht<\/td>\n<td style=\"width: 229.302px; border-style: none; height: 19px;\">CHF 52<\/td>\n<\/tr>\n<tr style=\"height: 19px;\">\n<td style=\"width: 290.698px; border-style: none; height: 19px;\">Brauen und Oberlippe<\/td>\n<td style=\"width: 229.302px; border-style: none; height: 19px;\">CHF 27<\/td>\n<\/tr>\n<tr style=\"height: 19px;\">\n<td style=\"width: 290.698px; border-style: none; height: 19px;\">Brauen, Oberlippe und Kinn<\/td>\n<td style=\"width: 229.302px; border-style: none; height: 19px;\">CHF 32<\/td>\n<\/tr>\n<tr style=\"height: 19px;\">\n<td style=\"width: 290.698px; border-style: none; height: 19px;\">Oberlippe oder Kinn<\/td>\n<td style=\"width: 229.302px; border-style: none; height: 19px;\">CHF 16<\/td>\n<\/tr>\n<tr style=\"height: 19px;\">\n<td style=\"width: 290.698px; border-style: none; height: 19px;\">Achseln<\/td>\n<td style=\"width: 229.302px; border-style: none; height: 19px;\">CHF 21<\/td>\n<\/tr>\n<tr style=\"height: 19px;\">\n<td style=\"width: 290.698px; border-style: none; height: 19px;\">Bikini<\/td>\n<td style=\"width: 229.302px; border-style: none; height: 19px;\">CHF 21<\/td>\n<\/tr>\n<tr style=\"height: 19px;\">\n<td style=\"width: 290.698px; border-style: none; height: 19px;\">R\u00fccken oder Brust<\/td>\n<td style=\"width: 229.302px; border-style: none; height: 19px;\">CHF 52<\/td>\n<\/tr>\n<tr style=\"height: 19px;\">\n<td style=\"width: 290.698px; border-style: none; height: 19px;\">\u00a0<\/td>\n<td style=\"width: 229.302px; border-style: none; height: 19px;\">\u00a0<\/td>\n<\/tr>\n<tr style=\"height: 19px;\">\n<td style=\"width: 290.698px; border-style: none; height: 19px;\">Fusspflege<\/td>\n<td style=\"width: 229.302px; border-style: none; height: 19px;\">CHF 68<\/td>\n<\/tr>\n<tr style=\"height: 19px;\">\n<td style=\"width: 290.698px; border-style: none; height: 19px;\">&#8230; mit Lack<\/td>\n<td style=\"width: 229.302px; border-style: none; height: 19px;\">CHF 78<\/td>\n<\/tr>\n<tr style=\"height: 19px;\">\n<td style=\"width: 290.698px; border-style: none; height: 19px;\">\u00a0<\/td>\n<td style=\"width: 229.302px; border-style: none; height: 19px;\">\u00a0<\/td>\n<\/tr>\n<tr style=\"height: 19px;\">\n<td style=\"width: 290.698px; border-style: none; height: 19px;\"><strong>Massagen<\/strong><\/td>\n<td style=\"width: 229.302px; border-style: none; height: 19px;\">\u00a0<\/td>\n<\/tr>\n<tr style=\"height: 19px;\">\n<td style=\"width: 290.698px; border-style: none; height: 19px;\">R\u00fcckenmassage (35min.)<\/td>\n<td style=\"width: 229.302px; border-style: none; height: 19px;\">CHF 52<\/td>\n<\/tr>\n<tr style=\"height: 19px;\">\n<td style=\"width: 290.698px; border-style: none; height: 19px;\">Ganzk\u00f6rpermassage (75min.)<\/td>\n<td style=\"width: 229.302px; border-style: none; height: 19px;\">CHF 100<\/td>\n<\/tr>\n<tr style=\"height: 19px;\">\n<td style=\"width: 290.698px; border-style: none; height: 19px;\">Lymphdrainage (55min.)<\/td>\n<td style=\"width: 229.302px; border-style: none; height: 19px;\">CHF 75<\/td>\n<\/tr>\n<tr style=\"height: 19px;\">\n<td style=\"width: 290.698px; border-style: none; height: 19px;\">Fussreflexzonenmassage (55min.)<\/td>\n<td style=\"width: 229.302px; border-style: none; height: 19px;\">CHF 75<\/td>\n<\/tr>\n<tr style=\"height: 19px;\">\n<td style=\"width: 290.698px; border-style: none; height: 19px;\">Esalenmassage (75min.)<\/td>\n<td style=\"width: 229.302px; border-style: none; height: 19px;\">CHF 100<\/td>\n<\/tr>\n<tr style=\"height: 19px;\">\n<td style=\"width: 290.698px; border-style: none; height: 19px;\">Lomi-Lomi Massage (75min.)<\/td>\n<td style=\"width: 229.302px; border-style: none; height: 19px;\">CHF 105<\/td>\n<\/tr>\n<tr style=\"height: 19px;\">\n<td style=\"width: 290.698px; border-style: none; height: 19px;\">Anti-Cellulite Massage (40min.)<\/td>\n<td style=\"width: 229.302px; border-style: none; height: 19px;\">CHF 63<\/td>\n<\/tr>\n<tr style=\"height: 19px;\">\n<td style=\"width: 290.698px; border-style: none; height: 19px;\">Gesichtsmassage (15min.)<\/td>\n<td style=\"width: 229.302px; border-style: none; height: 19px;\">CHF 26<\/td>\n<\/tr>\n<tr style=\"height: 19px;\">\n<td style=\"width: 290.698px; border-style: none; height: 19px;\">\u00a0<\/td>\n<td style=\"width: 229.302px; border-style: none; height: 19px;\">\u00a0<\/td>\n<\/tr>\n<tr style=\"height: 19px;\">\n<td style=\"width: 290.698px; border-style: none; height: 19px;\"><strong>Wellness<\/strong><\/td>\n<td style=\"width: 229.302px; border-style: none; height: 19px;\">\u00a0<\/td>\n<\/tr>\n<tr style=\"height: 19px;\">\n<td style=\"width: 290.698px; border-style: none; height: 19px;\">K\u00f6rperpeeling<\/td>\n<td style=\"width: 229.302px; border-style: none; height: 19px;\">CHF 47<\/td>\n<\/tr>\n<tr style=\"height: 19px;\">\n<td style=\"width: 290.698px; border-style: none; height: 19px;\">Sprudelbad<\/td>\n<td style=\"width: 229.302px; border-style: none; height: 19px;\">CHF 27<\/td>\n<\/tr>\n<tr style=\"height: 19px;\">\n<td style=\"width: 290.698px; border-style: none; height: 19px;\">Cranberry-K\u00f6rperpackung<\/td>\n<td style=\"width: 229.302px; border-style: none; height: 19px;\">CHF 63<\/td>\n<\/tr>\n<tr style=\"height: 19px;\">\n<td style=\"width: 290.698px; border-style: none; height: 19px;\">\u00a0<\/td>\n<td style=\"width: 229.302px; border-style: none; height: 19px;\">\u00a0<\/td>\n<\/tr>\n<tr style=\"height: 19px;\">\n<td style=\"width: 290.698px; border-style: none; height: 19px;\"><strong>P\u00c4CKLI<\/strong><\/td>\n<td style=\"width: 229.302px; border-style: none; height: 19px;\">\u00a0<\/td>\n<\/tr>\n<tr style=\"height: 19px;\">\n<td style=\"width: 290.698px; border-style: none; height: 19px;\"><strong>Ds ganz Jahr zw\u00e4g<\/strong><\/td>\n<td style=\"width: 229.302px; border-style: none; height: 19px;\">CHF 990<\/td>\n<\/tr>\n<tr style=\"height: 234px;\">\n<td style=\"width: 290.698px; border-style: none; height: 234px;\">Januar: Ganzk\u00f6rpermassage<br \/>Februar: Fussreflexzonenmassage<br \/>M\u00e4rz: Gesichtsbehandlung<br \/>April: Fusspflege<br \/>Mai: R\u00fcckenmassage und K\u00f6rperpeeling<br \/>Juni: Gesichtsbehandlung<br \/>Juli: Fusspflege<br \/>August: Esalenmassage<br \/>September: Gesichtsbehandlung<br \/>Oktober: Sprudelbad und R\u00fcckenmassage<br \/>November: Lomi-Lomi Massage<br \/>Dezember: Gesichtsbehandlung<\/td>\n<td style=\"width: 229.302px; border-style: none; height: 234px;\">\u00a0<\/td>\n<\/tr>\n<tr style=\"height: 19px;\">\n<td style=\"width: 290.698px; border-style: none; height: 19px;\">\u00a0<\/td>\n<td style=\"width: 229.302px; border-style: none; height: 19px;\">\u00a0<\/td>\n<\/tr>\n<tr style=\"height: 39px;\">\n<td style=\"width: 290.698px; border-style: none; height: 39px;\"><strong>Gniesserzit<\/strong><\/td>\n<td style=\"width: 229.302px; border-style: none; height: 39px;\">elei:\u00a0 \u00a0 \u00a0 \u00a0CHF 230<br \/>z zweit: CHF 420<\/td>\n<\/tr>\n<tr style=\"height: 117px;\">\n<td style=\"width: 290.698px; border-style: none; height: 117px;\">Willkommensprosecco<br \/>Sprudelbad<br \/>K\u00f6rperpeeling<br \/>Ganzk\u00f6rpermassage<br \/>Cranberrypackung<br \/>Apes Spiis und Kaffee<\/td>\n<td style=\"width: 229.302px; border-style: none; height: 117px;\">\u00a0<\/td>\n<\/tr>\n<tr style=\"height: 19px;\">\n<td style=\"width: 290.698px; border-style: none; height: 19px;\">\u00a0<\/td>\n<td style=\"width: 229.302px; border-style: none; height: 19px;\">\u00a0<\/td>\n<\/tr>\n<tr style=\"height: 19px;\">\n<td style=\"width: 290.698px; border-style: none; height: 19px;\"><strong>Fer \u00dcszspanne<\/strong><\/td>\n<td style=\"width: 229.302px; border-style: none; height: 19px;\">CHF 410<\/td>\n<\/tr>\n<tr style=\"height: 136px;\">\n<td style=\"width: 290.698px; border-style: none; height: 136px;\">1x K\u00f6rperpeeling und Cranberrypackung<br \/>1x Ganzk\u00f6rpermassage<br \/>1x Esalenmassage<br \/>1x Lomi-Lomi Massage<br \/>1x R\u00fcckenmassage und Sprudelbad\n<p>(5 Termine \u00fcber 2-3 Monate verteilt)<\/p>\n<\/td>\n<td style=\"width: 229.302px; border-style: none; height: 136px;\">\u00a0<\/td>\n<\/tr>\n<tr style=\"height: 19px;\">\n<td style=\"width: 290.698px; border-style: none; height: 19px;\">\u00a0<\/td>\n<td style=\"width: 229.302px; border-style: none; height: 19px;\">\u00a0<\/td>\n<\/tr>\n<tr style=\"height: 19px;\">\n<td style=\"width: 290.698px; border-style: none; height: 19px;\"><strong>Fer z Fig\u00fcrli<\/strong><\/td>\n<td style=\"width: 229.302px; border-style: none; height: 19px;\">CHF 600<\/td>\n<\/tr>\n<tr style=\"height: 136px;\">\n<td style=\"width: 290.698px; border-style: none; height: 136px;\">1x K\u00f6rperpeeling und Cranberrypackung<br \/>2x Lymphdrainage<br \/>6x Anti-Cellulitemassage<br \/>1x Honigmassage (R\u00fccken) und Sprudelbad\n<p>(10 Termine \u00fcber 3-4 Monate verteilt)<\/p>\n<\/td>\n<td style=\"width: 229.302px; border-style: none; height: 136px;\">\u00a0<\/td>\n<\/tr>\n<tr style=\"height: 19px;\">\n<td style=\"width: 290.698px; border-style: none; height: 19px;\">\u00a0<\/td>\n<td style=\"width: 229.302px; border-style: none; height: 19px;\">\u00a0<\/td>\n<\/tr>\n<tr style=\"height: 19px;\">\n<td style=\"width: 290.698px; border-style: none; height: 19px;\"><strong>Fer flotti Fiess und hibschi \u00d6ige<\/strong><\/td>\n<td style=\"width: 229.302px; border-style: none; height: 19px;\">CHF 115<\/td>\n<\/tr>\n<tr style=\"height: 58px;\">\n<td style=\"width: 290.698px; border-style: none; height: 58px;\">Fusspflege mit Lack<br \/>Wimpern und Brauen f\u00e4rben mit Korrektur<\/td>\n<td style=\"width: 229.302px; border-style: none; height: 58px;\">\u00a0<\/td>\n<\/tr>\n<\/tbody>\n<\/table>\n\n\n\n\n\n","protected":false},"excerpt":{"rendered":"<p>Kosmetik Gesichtsbehandlung CHF 105 &#8230; mit Wimpern f\u00e4rben CHF 120 &#8230; mit Brauen f\u00e4rben CHF 115 &#8230; mit Wimpern und Brauen f\u00e4rben CHF 130 \u00a0 \u00a0 Wimpern f\u00e4rben CHF 27 Brauen f\u00e4rben und Korrektur CHF 32 Augenbrauenkorrektur CHF 19 Wimpern und Brauen f\u00e4rben und Korrektur CHF 50 \u00a0 \u00a0 Depilation: \u00a0 Ganze Beine CHF 73 &#8230; <a title=\"Angebote\" class=\"read-more\" href=\"http:\/\/www.naturheilpraxis-fercher.ch\/kosmetik\/angebote\/\">Weiterlesen &#8230;<\/a><\/p>\n","protected":false},"author":1,"featured_media":0,"parent":0,"menu_order":3,"comment_status":"closed","ping_status":"closed","template":"","meta":{"generate_page_header":"","footnotes":""},"class_list":["post-18","page","type-page","status-publish"],"_links":{"self":[{"href":"http:\/\/www.naturheilpraxis-fercher.ch\/kosmetik\/wp-json\/wp\/v2\/pages\/18","targetHints":{"allow":["GET"]}}],"collection":[{"href":"http:\/\/www.naturheilpraxis-fercher.ch\/kosmetik\/wp-json\/wp\/v2\/pages"}],"about":[{"href":"http:\/\/www.naturheilpraxis-fercher.ch\/kosmetik\/wp-json\/wp\/v2\/types\/page"}],"author":[{"embeddable":true,"href":"http:\/\/www.naturheilpraxis-fercher.ch\/kosmetik\/wp-json\/wp\/v2\/users\/1"}],"replies":[{"embeddable":true,"href":"http:\/\/www.naturheilpraxis-fercher.ch\/kosmetik\/wp-json\/wp\/v2\/comments?post=18"}],"version-history":[{"count":19,"href":"http:\/\/www.naturheilpraxis-fercher.ch\/kosmetik\/wp-json\/wp\/v2\/pages\/18\/revisions"}],"predecessor-version":[{"id":127,"href":"http:\/\/www.naturheilpraxis-fercher.ch\/kosmetik\/wp-json\/wp\/v2\/pages\/18\/revisions\/127"}],"wp:attachment":[{"href":"http:\/\/www.naturheilpraxis-fercher.ch\/kosmetik\/wp-json\/wp\/v2\/media?parent=18"}],"curies":[{"name":"wp","href":"https:\/\/api.w.org\/{rel}","templated":true}]}}